{"id":3777,"date":"2024-08-25T14:23:22","date_gmt":"2024-08-25T12:23:22","guid":{"rendered":"https:\/\/anetasiemieniuk.com\/?page_id=3777"},"modified":"2025-03-24T15:27:54","modified_gmt":"2025-03-24T14:27:54","slug":"sesja-kobieca","status":"publish","type":"page","link":"https:\/\/anetasiemieniuk.com\/index.php\/sesja-kobieca\/","title":{"rendered":"Sesja kobieca"},"content":{"rendered":"\t\t<div data-elementor-type=\"wp-page\" data-elementor-id=\"3777\" class=\"elementor elementor-3777\">\n\t\t\t\t\t\t<section class=\"elementor-section elementor-top-section elementor-element elementor-element-fc8a577 elementor-section-full_width elementor-section-stretched elementor-section-height-default elementor-section-height-default\" data-id=\"fc8a577\" data-element_type=\"section\" data-settings=\"{&quot;stretch_section&quot;:&quot;section-stretched&quot;,&quot;background_background&quot;:&quot;classic&quot;}\">\n\t\t\t\t\t\t<div class=\"elementor-container elementor-column-gap-default\">\n\t\t\t\t\t<div class=\"elementor-column elementor-col-33 elementor-top-column elementor-element elementor-element-53c8ef3\" data-id=\"53c8ef3\" data-element_type=\"column\">\n\t\t\t<div class=\"elementor-widget-wrap elementor-element-populated\">\n\t\t\t\t\t\t<div class=\"elementor-element elementor-element-84e3d9b elementor-widget elementor-widget-image\" data-id=\"84e3d9b\" data-element_type=\"widget\" data-widget_type=\"image.default\">\n\t\t\t\t<div class=\"elementor-widget-container\">\n\t\t\t\t\t\t\t\t\t\t\t\t\t<img decoding=\"async\" data-src=\"https:\/\/anetasiemieniuk.com\/wp-content\/plugins\/elementor\/assets\/images\/placeholder.png\" title=\"\" alt=\"\" loading=\"lazy\" src=\"data:image\/gif;base64,R0lGODlhAQABAAAAACH5BAEKAAEALAAAAAABAAEAAAICTAEAOw==\" class=\"lazyload\" \/><noscript><img decoding=\"async\" src=\"https:\/\/anetasiemieniuk.com\/wp-content\/plugins\/elementor\/assets\/images\/placeholder.png\" title=\"\" alt=\"\" loading=\"lazy\" \/><\/noscript>\t\t\t\t\t\t\t\t\t\t\t\t\t<\/div>\n\t\t\t\t<\/div>\n\t\t\t\t\t<\/div>\n\t\t<\/div>\n\t\t\t\t<div class=\"elementor-column elementor-col-66 elementor-top-column elementor-element elementor-element-8e9bd02\" data-id=\"8e9bd02\" data-element_type=\"column\">\n\t\t\t<div class=\"elementor-widget-wrap elementor-element-populated\">\n\t\t\t\t\t\t<div class=\"elementor-element elementor-element-52fc771 elementor-widget elementor-widget-text-editor\" data-id=\"52fc771\" data-element_type=\"widget\" data-widget_type=\"text-editor.default\">\n\t\t\t\t<div class=\"elementor-widget-container\">\n\t\t\t\t\t\t\t<p>Jaka jeste\u015b? Jak\u0105 chcia\u0142aby\u015b siebie widzie\u0107?<br \/>Zmys\u0142ow\u0105? Naturaln\u0105? Dzik\u0105 ? Pi\u0119kn\u0105?<br \/>Sesje fotograficzne zatrzymuj\u0105 czas i wracanie do tych moment\u00f3w sprawia, \u017ce nie jedna kobietaw zruszy\u0142a si\u0119 kiedy mog\u0142a zobaczy\u0107 w sobie prawdziwe pi\u0119kno.<br \/>Zobaczysz, jak pi\u0119kne s\u0105 emocje i cia\u0142o, bez wzgl\u0119du na wiek!<br \/>Sprawi\u0119, \u017ce poczujesz si\u0119 naprawd\u0119 wyj\u0105tkowo, a ten dzie\u0144 na zawsze zostanie w Twojej pami\u0119ci.<br \/>Spojrzysz na siebie w zupe\u0142nie nowy spos\u00f3b i, mam nadziej\u0119, na nowo \u2013 pokochasz sam\u0105 siebie!<br \/>Zatrzymamy Twoje pi\u0119kno i natur\u0119.<br \/>Je\u015bli szukasz sprawdzonego prezentu dla siebie samej, czy ukochanego to jest to strza\u0142 w dziesi\u0105tk\u0119.<br \/>Na sesj\u0119 przygotuje Ci\u0119 profesjonalna wiza\u017cystka, a sesja odbywa si\u0119 w studio, plenerze, lub we wn\u0119trzu w kt\u00f3rym czujesz si\u0119 komfortowo.<br \/>Zrobi\u0119 Ci zdj\u0119cia, kt\u00f3re przyjemno\u015bci\u0105 wydrukujesz i powiesisz w domu i do kt\u00f3rych b\u0119dziesz wraca\u0107 w ka\u017cdym momencie, w kt\u00f3rym b\u0119dziesz potrzebowa\u0142a doceni\u0107 sam\u0105 siebie.<br \/>Robi\u0119 zdj\u0119cia z tak\u0105 energi\u0105 i zaanga\u017cowaniem, jakie sama chcia\u0142abym mie\u0107. Wszystko ze smakiem i w Twoich granicach. To Ty masz kontrole, kt\u00f3re zdj\u0119cia id\u0105 do postprodukcji.<br \/>Na sesji panuje atmosfera pe\u0142na zrozumienia, akceptacji i zauwa\u017cenia wszystkiego, co w Tobie<br \/>najlepsze. Je\u015bli si\u0119 wstydzisz, obawiasz, czego\u015b &#8211; zawsze mo\u017cemy o tym porozmawia\u0107 przed sesj\u0105.<br \/>Rozwieje wszelkie Twoje obawy. Wszystko jest pi\u0119kniejsze kiedy mo\u017cemy sobie zaufa\u0107. Twoja Intuicja przyprowadzi\u0142a Ci\u0119 w to miejsce nie bez przyczyny.<br \/>Mo\u017cesz mi w pe\u0142ni zaufa\u0107 i stworzy\u0107 sesj\u0119, o jakiej marzysz.<\/p><p>Zapisz si\u0119 tutaj<br \/>Przyk\u0142adowe sesje kobiece mo\u017cesz zobaczy\u0107 tutaj<\/p>\t\t\t\t\t\t<\/div>\n\t\t\t\t<\/div>\n\t\t\t\t\t<\/div>\n\t\t<\/div>\n\t\t\t\t\t<\/div>\n\t\t<\/section>\n\t\t\t\t<\/div>\n\t\t","protected":false},"excerpt":{"rendered":"<p>Jaka jeste\u015b? Jak\u0105 chcia\u0142aby\u015b siebie widzie\u0107?Zmys\u0142ow\u0105? Naturaln\u0105? Dzik\u0105 ? Pi\u0119kn\u0105?Sesje fotograficzne zatrzymuj\u0105 czas i wracanie do tych moment\u00f3w sprawia, \u017ce nie jedna kobietaw zruszy\u0142a si\u0119 kiedy mog\u0142a zobaczy\u0107 w sobie prawdziwe pi\u0119kno.Zobaczysz, jak pi\u0119kne s\u0105 emocje i cia\u0142o, bez wzgl\u0119du na wiek!Sprawi\u0119, \u017ce poczujesz si\u0119 naprawd\u0119 wyj\u0105tkowo, a ten dzie\u0144 na zawsze zostanie w Twojej [&hellip;]<\/p>\n","protected":false},"author":1,"featured_media":0,"parent":0,"menu_order":0,"comment_status":"closed","ping_status":"closed","template":"","meta":{"_acf_changed":false,"footnotes":""},"class_list":["post-3777","page","type-page","status-publish","hentry"],"acf":[],"_links":{"self":[{"href":"https:\/\/anetasiemieniuk.com\/index.php\/wp-json\/wp\/v2\/pages\/3777","targetHints":{"allow":["GET"]}}],"collection":[{"href":"https:\/\/anetasiemieniuk.com\/index.php\/wp-json\/wp\/v2\/pages"}],"about":[{"href":"https:\/\/anetasiemieniuk.com\/index.php\/wp-json\/wp\/v2\/types\/page"}],"author":[{"embeddable":true,"href":"https:\/\/anetasiemieniuk.com\/index.php\/wp-json\/wp\/v2\/users\/1"}],"replies":[{"embeddable":true,"href":"https:\/\/anetasiemieniuk.com\/index.php\/wp-json\/wp\/v2\/comments?post=3777"}],"version-history":[{"count":0,"href":"https:\/\/anetasiemieniuk.com\/index.php\/wp-json\/wp\/v2\/pages\/3777\/revisions"}],"wp:attachment":[{"href":"https:\/\/anetasiemieniuk.com\/index.php\/wp-json\/wp\/v2\/media?parent=3777"}],"curies":[{"name":"wp","href":"https:\/\/api.w.org\/{rel}","templated":true}]}}