{"id":3783,"date":"2024-08-25T14:24:03","date_gmt":"2024-08-25T12:24:03","guid":{"rendered":"https:\/\/anetasiemieniuk.com\/?page_id=3783"},"modified":"2025-03-24T15:27:54","modified_gmt":"2025-03-24T14:27:54","slug":"sesja-biznesowa","status":"publish","type":"page","link":"https:\/\/anetasiemieniuk.com\/index.php\/sesja-biznesowa\/","title":{"rendered":"Sesja biznesowa"},"content":{"rendered":"\t\t<div data-elementor-type=\"wp-page\" data-elementor-id=\"3783\" class=\"elementor elementor-3783\">\n\t\t\t\t\t\t<section class=\"elementor-section elementor-top-section elementor-element elementor-element-b342986 elementor-section-full_width elementor-section-stretched elementor-section-height-default elementor-section-height-default\" data-id=\"b342986\" data-element_type=\"section\" data-settings=\"{&quot;stretch_section&quot;:&quot;section-stretched&quot;,&quot;background_background&quot;:&quot;classic&quot;}\">\n\t\t\t\t\t\t<div class=\"elementor-container elementor-column-gap-default\">\n\t\t\t\t\t<div class=\"elementor-column elementor-col-33 elementor-top-column elementor-element elementor-element-7f74ab9\" data-id=\"7f74ab9\" data-element_type=\"column\">\n\t\t\t<div class=\"elementor-widget-wrap elementor-element-populated\">\n\t\t\t\t\t\t<div class=\"elementor-element elementor-element-ccc663f elementor-widget elementor-widget-image\" data-id=\"ccc663f\" data-element_type=\"widget\" data-widget_type=\"image.default\">\n\t\t\t\t<div class=\"elementor-widget-container\">\n\t\t\t\t\t\t\t\t\t\t\t\t\t<img decoding=\"async\" data-src=\"https:\/\/anetasiemieniuk.com\/wp-content\/plugins\/elementor\/assets\/images\/placeholder.png\" title=\"\" alt=\"\" loading=\"lazy\" src=\"data:image\/gif;base64,R0lGODlhAQABAAAAACH5BAEKAAEALAAAAAABAAEAAAICTAEAOw==\" class=\"lazyload\" \/><noscript><img decoding=\"async\" src=\"https:\/\/anetasiemieniuk.com\/wp-content\/plugins\/elementor\/assets\/images\/placeholder.png\" title=\"\" alt=\"\" loading=\"lazy\" \/><\/noscript>\t\t\t\t\t\t\t\t\t\t\t\t\t<\/div>\n\t\t\t\t<\/div>\n\t\t\t\t\t<\/div>\n\t\t<\/div>\n\t\t\t\t<div class=\"elementor-column elementor-col-66 elementor-top-column elementor-element elementor-element-e777fbe\" data-id=\"e777fbe\" data-element_type=\"column\">\n\t\t\t<div class=\"elementor-widget-wrap elementor-element-populated\">\n\t\t\t\t\t\t<div class=\"elementor-element elementor-element-1d72f10 elementor-widget elementor-widget-text-editor\" data-id=\"1d72f10\" data-element_type=\"widget\" data-widget_type=\"text-editor.default\">\n\t\t\t\t<div class=\"elementor-widget-container\">\n\t\t\t\t\t\t\t<p>Fotografia biznesowa to wizyt\u00f3wka Twojej firmy \u2013 zdj\u0119cia na portale spo\u0142eczno\u015bciowe, zdj\u0119cie<br \/>wizerunkowe: na LinkedIn, czy na profesjonaln\u0105 stron\u0119 internetow\u0105 Twojej firmy.<br \/>Wykonuj\u0119 zdj\u0119cia naturalne, kt\u00f3re poka\u017c\u0105, dlaczego warto wybra\u0107 Twoj\u0105 firm\u0119, bez zb\u0119dnego napi\u0119cia, a jednocze\u015bnie profesjonalne, czym wyr\u00f3\u017cnisz si\u0119 na tle konkurencji.<br \/>Sesj\u0119 dopasowuje do Twoich potrzeb i organizuj\u0119 od podstaw. Przy zdj\u0119ciach biznesowych o Tw\u00f3j wygl\u0105d zadba profesjonalna wiza\u017cystka, wsp\u00f3lnie dobierzemy stylizacje, kt\u00f3re podkre\u015bl\u0105 Tw\u00f3j wizerunek, wsp\u00f3\u0142pracuj\u0119 r\u00f3wnie\u017c ze stylistk\u0105, a miejscem sesji mo\u017ce by\u0107 wn\u0119trze, studio, lub plener.<br \/>Zaufa\u0142o mi ju\u017c mn\u00f3stwo os\u00f3b, a w gronie zadowolonych Klient\u00f3w s\u0105 zar\u00f3wno gwiazdy z pierwszych ok\u0142adek gazet, aktorzy, czy pisarze, ale tak\u017ce specjali\u015bci w swoich dziedzinach z ca\u0142ej Polski, je\u015bli wi\u0119c szukasz fotografa biznesowego w Warszawie (mog\u0119 r\u00f3wnie\u017c dojecha\u0107 w wybrane miejsce), kt\u00f3ry sprawi, \u017ce Tw\u00f3j wizerunek nareszcie b\u0119dzie w pe\u0142ni wsp\u00f3\u0142gra\u0142 z Twoim profesjonalizmem, napisz do mnie, aby ustali\u0107 szczeg\u00f3\u0142y. Wykonuj\u0119 tak\u017ce headshoty dla aktor\u00f3w oraz testy dla modelek.<\/p><p>Zapisz si\u0119 tutaj<br \/>Przyk\u0142adowe sesje biznesowe mo\u017cesz zobaczy\u0107 tutaj<\/p>\t\t\t\t\t\t<\/div>\n\t\t\t\t<\/div>\n\t\t\t\t\t<\/div>\n\t\t<\/div>\n\t\t\t\t\t<\/div>\n\t\t<\/section>\n\t\t\t\t<\/div>\n\t\t","protected":false},"excerpt":{"rendered":"<p>Fotografia biznesowa to wizyt\u00f3wka Twojej firmy \u2013 zdj\u0119cia na portale spo\u0142eczno\u015bciowe, zdj\u0119ciewizerunkowe: na LinkedIn, czy na profesjonaln\u0105 stron\u0119 internetow\u0105 Twojej firmy.Wykonuj\u0119 zdj\u0119cia naturalne, kt\u00f3re poka\u017c\u0105, dlaczego warto wybra\u0107 Twoj\u0105 firm\u0119, bez zb\u0119dnego napi\u0119cia, a jednocze\u015bnie profesjonalne, czym wyr\u00f3\u017cnisz si\u0119 na tle konkurencji.Sesj\u0119 dopasowuje do Twoich potrzeb i organizuj\u0119 od podstaw. Przy zdj\u0119ciach biznesowych o Tw\u00f3j [&hellip;]<\/p>\n","protected":false},"author":1,"featured_media":0,"parent":0,"menu_order":0,"comment_status":"closed","ping_status":"closed","template":"","meta":{"_acf_changed":false,"footnotes":""},"class_list":["post-3783","page","type-page","status-publish","hentry"],"acf":[],"_links":{"self":[{"href":"https:\/\/anetasiemieniuk.com\/index.php\/wp-json\/wp\/v2\/pages\/3783","targetHints":{"allow":["GET"]}}],"collection":[{"href":"https:\/\/anetasiemieniuk.com\/index.php\/wp-json\/wp\/v2\/pages"}],"about":[{"href":"https:\/\/anetasiemieniuk.com\/index.php\/wp-json\/wp\/v2\/types\/page"}],"author":[{"embeddable":true,"href":"https:\/\/anetasiemieniuk.com\/index.php\/wp-json\/wp\/v2\/users\/1"}],"replies":[{"embeddable":true,"href":"https:\/\/anetasiemieniuk.com\/index.php\/wp-json\/wp\/v2\/comments?post=3783"}],"version-history":[{"count":0,"href":"https:\/\/anetasiemieniuk.com\/index.php\/wp-json\/wp\/v2\/pages\/3783\/revisions"}],"wp:attachment":[{"href":"https:\/\/anetasiemieniuk.com\/index.php\/wp-json\/wp\/v2\/media?parent=3783"}],"curies":[{"name":"wp","href":"https:\/\/api.w.org\/{rel}","templated":true}]}}